{"id":3,"date":"2025-07-15T13:38:48","date_gmt":"2025-07-15T13:38:48","guid":{"rendered":"https:\/\/beratungpflege.com\/?page_id=3"},"modified":"2025-09-08T12:13:40","modified_gmt":"2025-09-08T10:13:40","slug":"datenschutzerklarung","status":"publish","type":"page","link":"https:\/\/beratungpflege.com\/de\/datenschutzerklarung\/","title":{"rendered":"Datenschutzerkl\u00e4rung"},"content":{"rendered":"<p><strong>1. Verantwortlicher<\/strong><br>Verantwortlich f\u00fcr die Datenverarbeitung ist:<br><strong>Bojan Vidakovic<\/strong> - Betreiber der Website <a href=\"https:\/\/beratungpflege.com\/de\/\">www.beratungpflege.com<\/a><br>Kontakt: <a>info@beratungpflege.com<\/a><\/p>\n\n\n\n<p><strong>2. Arten der Daten<\/strong><\/p>\n\n\n\n<ul class=\"wp-block-list\">\n<li>Name, Vorname<\/li>\n\n\n\n<li>E-Mail-Adresse, Telefonnummer<\/li>\n\n\n\n<li>Angaben zur Pflegesituation (Pflegegrad, Bedarf, etc.)<\/li>\n<\/ul>\n\n\n\n<p><strong>3. Zweck der Datenverarbeitung<\/strong><\/p>\n\n\n\n<ul class=\"wp-block-list\">\n<li>Zur Durchf\u00fchrung von Beratungsgespr\u00e4chen<\/li>\n\n\n\n<li>Zur Vermittlung von Pflegekr\u00e4ften<\/li>\n\n\n\n<li>Zur Kontaktaufnahme und Terminvereinbarung<\/li>\n<\/ul>\n\n\n\n<p><strong>4. Rechtsgrundlage<\/strong><br>Die Datenverarbeitung erfolgt <strong>gem\u00e4\u00df Art. 6 Abs. 1 lit. a DSGVO \u2013<\/strong>auf Basis der Einwilligung des Nutzers.<\/p>\n\n\n\n<p><strong>5. Datenweitergabe<\/strong><br>Ihre Daten werden ausschlie\u00dflich mit Ihrer Zustimmung an Partneragenturen oder Pflegekr\u00e4fte weitergegeben <strong>, nur wenn dies zur Leistungserbringung erforderlich ist<\/strong>.<\/p>\n\n\n\n<p><strong>6. Speicherung und Sicherheit<\/strong><br>Die Daten werden auf gesch\u00fctzten Servern innerhalb der EU gespeichert. Zugriff haben nur autorisierte Personen.<\/p>\n\n\n\n<p><strong>7. Rechte der Nutzer<\/strong><\/p>\n\n\n\n<ul class=\"wp-block-list\">\n<li>Auskunft \u00fcber gespeicherte Daten<\/li>\n\n\n\n<li>Berichtigung oder L\u00f6schung (Recht auf Vergessenwerden)<\/li>\n\n\n\n<li>Einschr\u00e4nkung oder Widerspruch zur Verarbeitung<\/li>\n\n\n\n<li>Daten\u00fcbertragbarkeit<\/li>\n<\/ul>\n\n\n\n<p><strong>8. Cookies<\/strong><br>Wir verwenden technisch notwendige Cookies sowie ggf. Tools wie Google Analytics (nur mit Ihrer Zustimmung). Sie k\u00f6nnen Cookies im Browser verwalten.<\/p>\n\n\n\n<p><strong>9. Kontakt f\u00fcr Datenschutzfragen<\/strong><br>E-Mail: <a>info@beratungpflege.com<\/a><\/p>","protected":false},"excerpt":{"rendered":"<p>1. Odgovorna osobaOdgovorni za obradu podataka je:Bojan Vidakovi\u0107 \u2013 operater web stranice www.beratungpflege.comKontakt: info@beratungpflege.com 2. Vrste podataka koje prikupljamo: 3. Svrha obrade podataka: 4. Pravni osnov:Obrada se vr\u0161i na osnovu pristanka korisnika, u skladu s GDPR regulativom (\u010dlan 6, stav 1, ta\u010dka a). 5. Dijeljenje s tre\u0107im stranama:Va\u0161i podaci se dijele isklju\u010divo sa partnerima (njegovateljima [&hellip;]<\/p>\n","protected":false},"author":1,"featured_media":0,"parent":0,"menu_order":0,"comment_status":"closed","ping_status":"open","template":"","meta":{"_acf_changed":false,"footnotes":""},"class_list":["post-3","page","type-page","status-publish","hentry"],"acf":[],"_links":{"self":[{"href":"https:\/\/beratungpflege.com\/de\/wp-json\/wp\/v2\/pages\/3","targetHints":{"allow":["GET"]}}],"collection":[{"href":"https:\/\/beratungpflege.com\/de\/wp-json\/wp\/v2\/pages"}],"about":[{"href":"https:\/\/beratungpflege.com\/de\/wp-json\/wp\/v2\/types\/page"}],"author":[{"embeddable":true,"href":"https:\/\/beratungpflege.com\/de\/wp-json\/wp\/v2\/users\/1"}],"replies":[{"embeddable":true,"href":"https:\/\/beratungpflege.com\/de\/wp-json\/wp\/v2\/comments?post=3"}],"version-history":[{"count":5,"href":"https:\/\/beratungpflege.com\/de\/wp-json\/wp\/v2\/pages\/3\/revisions"}],"predecessor-version":[{"id":340,"href":"https:\/\/beratungpflege.com\/de\/wp-json\/wp\/v2\/pages\/3\/revisions\/340"}],"wp:attachment":[{"href":"https:\/\/beratungpflege.com\/de\/wp-json\/wp\/v2\/media?parent=3"}],"curies":[{"name":"wp","href":"https:\/\/api.w.org\/{rel}","templated":true}]}}

Datenschutzerklärung

<p><strong>1. Verantwortlicher</strong><br>Verantwortlich für die Datenverarbeitung ist:<br><strong>Bojan Vidakovic</strong> - Betreiber der Website <a href="https://beratungpflege.com/de/">www.beratungpflege.com</a><br>Kontakt: <a>info@beratungpflege.com</a></p>



<p><strong>2. Arten der Daten</strong></p>



<ul class="wp-block-list">
<li>Name, Vorname</li>



<li>E-Mail-Adresse, Telefonnummer</li>



<li>Angaben zur Pflegesituation (Pflegegrad, Bedarf, etc.)</li>
</ul>



<p><strong>3. Zweck der Datenverarbeitung</strong></p>



<ul class="wp-block-list">
<li>Zur Durchführung von Beratungsgesprächen</li>



<li>Zur Vermittlung von Pflegekräften</li>



<li>Zur Kontaktaufnahme und Terminvereinbarung</li>
</ul>



<p><strong>4. Rechtsgrundlage</strong><br>Die Datenverarbeitung erfolgt <strong>gemäß Art. 6 Abs. 1 lit. a DSGVO –</strong>auf Basis der Einwilligung des Nutzers.</p>



<p><strong>5. Datenweitergabe</strong><br>Ihre Daten werden ausschließlich mit Ihrer Zustimmung an Partneragenturen oder Pflegekräfte weitergegeben <strong>, nur wenn dies zur Leistungserbringung erforderlich ist</strong>.</p>



<p><strong>6. Speicherung und Sicherheit</strong><br>Die Daten werden auf geschützten Servern innerhalb der EU gespeichert. Zugriff haben nur autorisierte Personen.</p>



<p><strong>7. Rechte der Nutzer</strong></p>



<ul class="wp-block-list">
<li>Auskunft über gespeicherte Daten</li>



<li>Berichtigung oder Löschung (Recht auf Vergessenwerden)</li>



<li>Einschränkung oder Widerspruch zur Verarbeitung</li>



<li>Datenübertragbarkeit</li>
</ul>



<p><strong>8. Cookies</strong><br>Wir verwenden technisch notwendige Cookies sowie ggf. Tools wie Google Analytics (nur mit Ihrer Zustimmung). Sie können Cookies im Browser verwalten.</p>



<p><strong>9. Kontakt für Datenschutzfragen</strong><br>E-Mail: <a>info@beratungpflege.com</a></p>

<p>1. Odgovorna osobaOdgovorni za obradu podataka je:Bojan Vidaković – operater web stranice www.beratungpflege.comKontakt: info@beratungpflege.com 2. Vrste podataka koje prikupljamo: 3. Svrha obrade podataka: 4. Pravni osnov:Obrada se vrši na osnovu pristanka korisnika, u skladu s GDPR regulativom (član 6, stav 1, tačka a). 5. Dijeljenje s trećim stranama:Vaši podaci se dijele isključivo sa partnerima (njegovateljima [&hellip;]</p>
